e the remainder when t is divided by v(w).
4
Suppose -2*b + 1030 = 3*b. Suppose 618 - 1878 = -168*w + 5964. Calculate the remainder when b is divided by w.
34
Let g be (8/28 - (-18)/(-14)) + -244. Let y = 255 + g. Let c(v) = v**2 - 4*v - 5. Calculate the remainder when c(-4) is divided by y.
7
Let r = 169 - 164. Suppose -r*b = -2*k - 358, -5*b = -7*k + 9*k - 342. Suppose 0 = -h - 0*h + 18. What is the remainder when b is divided by h?
16
Suppose -2*y + 5*l = -87, 2*y - 31 = -14*l + 11*l. Calculate the remainder when 2858 is divided by y.
24
Suppose 9*w + 85 = 2*b + 6*w, b + 4*w + 7 = 0. Let c(j) = j**2 + 3*j - 1. What is the remainder when c(7) is divided by b?
11
Let n be ((-10)/15)/((-2)/(-42)). Let u = 81 + n. Suppose 184*z - 133 = 178*z - 49. Calculate the remainder when u is divided by z.
11
Suppose -6*t + t = -50. Let i be (-2510)/(-30) + (-2)/3. Let d = i + -76. Calculate the remainder when t is divided by d.
3
Let d = 980 - 843. Calculate the remainder when 919 is divided by d.
97
Let a(x) = -x**3 - 11*x**2 - 61*x - 303. Calculate the remainder when 251 is divided by a(-9).
83
What is the remainder when (-2)/5 + 73332/105 is divided by 46?
8
Suppose u - 15391 = 4*m, 4*u + 8954 = -m + 70416. What is the remainder when u is divided by 34?
33
Suppose -1348 = -214*k + 1434. Calculate the remainder when 630 is divided by k.
6
Suppose -8*s - 68 = -156. Let c(t) = t**2 - 7*t - 23. Calculate the remainder when 59 is divided by c(s).
17
Let k = 165 - 167. Let p = 18 - k. What is the remainder when 32 is divided by p?
12
What is the remainder when 53 is divided by 0 + 46 - (24 + (-13 - 6))?
12
Suppose -3*d - 8*b + 10*b + 24 = 0, 3*d + 2*b - 24 = 0. Let o(i) = 5676*i + 22. Let h be o(d). What is the remainder when h/190 - 4/38 is divided by 48?
47
Let j = -592 + 699. Suppose -115*z + j*z + 872 = 0. Calculate the remainder when z is divided by 22.
21
Calculate the remainder when (2 - -2)*(6/(-4))/(123/(-18778)) is divided by 154.
146
Let o = 2421 - 2357. Suppose -5*l = 3*z + 83, -2*l + 7*l + 82 = -2*z. Let j = l + 27. Calculate the remainder when o is divided by j.
9
Suppose 4*q - 4*s = 100, -2*q - 3*s - 100 = -6*q. Let p = 43 + 40. Suppose 18 = -5*r + p. Calculate the remainder when q is divided by r.
12
Suppose 4*w - o = 112, -w + 28 = o - 0. Let k = 11 + w. Calculate the remainder when k is divided by 14.
11
Suppose 0 = -6*z + z + 670. Suppose 0 = 5*q - 3*k - 142, 5*q - k = -0*k + z. Let r(w) = -5*w - 51. Calculate the remainder when q is divided by r(-12).
8
Suppose -l + 14 = 3*i, -2*i + 37 = 5*l + 2*i. Suppose 25 = 10*b - l*b. What is the remainder when 35 is divided by b?
0
Suppose -255*o = -686166 + 120066. What is the remainder when o is divided by 9?
6
Let z = -149 - -210. Let b = 105 - z. Suppose -36 = -4*c + 3*a, 4*c = c - 2*a + b. What is the remainder when 32 is divided by c?
8
Let m(j) = -319*j + 3939. Calculate the remainder when m(8) is divided by 136.
27
Let u = 3098 + -2865. Calculate the remainder when u is divided by 18.
17
Let z be ((-157)/(-4))/(-6*3/72). Let f = 193 + z. Calculate the remainder when f is divided by 17.
2
Suppose 0 = -4*g + 5*l + 15, 4*l + 16 = 4*g - 0*l. Let n be 9/3 - (-4 + (g - 2)). Suppose 0 = -n*y + 237 + 187. What is the remainder when y is divided by 27?
25
Let r be ((-990)/44 + 25)*(-7 - -1). Let h be (-680)/(-6) - (-2)/3. Calculate the remainder when (r/(-10))/(9/h) is divided by 11.
8
Let j = 32 + -29. Let r(o) = -67*o**3 - 14 + 4*o + 9*o**2 + 68*o**j - 1. What is the remainder when r(-7) is divided by 17?
4
Let v(r) = 18*r**2 - r. Suppose 2*o - 3*b + 7*b = -136, 4*b - 152 = 2*o. Let c = o - -77. What is the remainder when v(1) is divided by c?
2
Let c(t) = t**2 + 24*t + 68. Let d be c(-20). Calculate the remainder when 25 is divided by 3*((-25)/20)/(d/64).
5
Let h(l) = l**2 - 8*l + 27. Suppose -144 + 19 = -25*x. What is the remainder when 190 is divided by h(x)?
10
Let b be -2*(24/(-42) + (-519)/(-14)). Let v = 97 + b. What is the remainder when 31 is divided by v?
7
Let g(f) = 1640*f + 811. Calculate the remainder when 2481 is divided by g(0).
48
Suppose 2783 = 21*l - 0*l + 200. Calculate the remainder when l is divided by 15/6*(-148)/(-10).
12
Let p be -1 + 0/(-1) - -7. Let a(o) = -o**3 + 8*o**2 - 8*o - 3. Let b = -109123 + 109164. Calculate the remainder when b is divided by a(p).
20
Suppose -3*m = 4*a - 16087, -5*m - 14*a = -13*a - 26823. What is the remainder when m is divided by 44?
41
Suppose -358 = -2*h + 4*c + 54, -2*h = -3*c - 412. What is the remainder when h is divided by 114?
92
Suppose -2*z + 6*g + 38 = g, 4*g = -4*z + 48. Suppose -2*l = -z + 4. Suppose -a + 3*a - 88 = 2*k, a - 36 = l*k. Calculate the remainder when 88 is divided by a.
42
Let n(i) = -5*i - 9. Let a(q) = q + 3. Let c be a(-1). Let j be n(c). Calculate the remainder when 27 is divided by (-1 - 6)*(j - -17).
13
Let f(u) = 5*u - 26. Suppose g - 6*g = 3*v - 8, -g + 16 = -3*v. Let z = 54 - g. What is the remainder when z is divided by f(8)?
8
Suppose 6*k - 2170 - 2456 = 0. Suppose 5*u = 2*d + k, -u + 9*d - 10*d = -157. What is the remainder when u is divided by 40?
35
Suppose 140 = k - 16. Suppose 785 = 16*p + 9*p - 140. What is the remainder when k is divided by p?
8
Let f(z) = 5*z + 40. Let q be f(11). Suppose 4*g - q = 53. What is the remainder when g is divided by 13?
11
Let m be 0 + -1 + 6 + -1. Let o be (-14)/63 + 7/(-9). What is the remainder when 5 is divided by (m/(-12) - o)/(5/15)?
1
Suppose 111 = i + 55. Let v(x) = -x**2 + x + 110. What is the remainder when v(0) is divided by i?
54
What is the remainder when 2462 is divided by -189 + 330 - ((-2)/2 + 5)?
133
Suppose 14*f - 13*f + 1097 = -5*q, 5*q + 2*f + 1099 = 0. Let o = 430 + q. What is the remainder when o is divided by 67?
10
Suppose 16 = -4*g, 8 + 46 = 2*n - 4*g. Let w = -780 + 793. What is the remainder when n is divided by w?
6
Suppose 0 = 21*w - 37*w + 32. What is the remainder when 18 is divided by w?
0
Suppose -5*c + 12 = -u, -c - 2*u = u + 4. Calculate the remainder when (-4 - -9 - 150)*(-1)/5 is divided by c.
1
Let j(q) = -15*q. Suppose 5*r + 3*o - 116 = 0, -2*r = -0*r - 2*o - 56. What is the remainder when 118/(-1)*r/(-50) is divided by j(-1)?
14
Let k = 16500 + -15981. Calculate the remainder when k is divided by 99.
24
Suppose 5*u - 3*s - 263 = 0, -u + 976*s = 971*s - 35. Calculate the remainder when 866 is divided by u.
41
Calculate the remainder when 2210/2 - (-14 + -19)/(-11) is divided by 123.
118
Let m(v) = v**2 - 4*v - 73. Let i(x) = 2*x**2 - 40*x + 11. Let y be i(20). Let c(k) = -k**2 - 6*k - 1. What is the remainder when m(y) is divided by c(-5)?
0
Suppose 0 = -3*a + 2 + 1. Let r(q) = 107*q**3 + 2*q**2 - 5*q + 3. Calculate the remainder when r(a) is divided by 18.
17
Suppose -3*m + 2*m + 193 = 4*q, 2*m = 2*q + 376. Let o = -79 + m. Suppose 115*t = o*t + 90. What is the remainder when 71 is divided by t?
17
Suppose -157*c = 358*c - 31415. Suppose 0 = 4*o - 4*u - 1220, o - 2*o + 320 = -4*u. What is the remainder when o is divided by c?
56
What is the remainder when 1948 is divided by (-4 - 8 - -2)/(10/(-45)*3)?
13
Let d(p) = p**2 + 3. Suppose 605*v = 692*v - 6525. What is the remainder when v is divided by d(-4)?
18
Calculate the remainder when (228/10)/((-48)/(-160)) is divided by 44.
32
Let y = 806 + -609. What is the remainder when y is divided by -2 + 9 - (-2)/1?
8
Suppose -3*t = -3*f - 93, -2*t + t = 3*f - 23. Calculate the remainder when 62*(-35)/8*244/(-427) is divided by t.
10
Calculate the remainder when 2524 is divided by 4/(-3)*1/(-6) - 193557/(-2457).
75
Suppose 8*b = 139 - 35. Let c = 29 - 29. Suppose c = u - 6 + 3. What is the remainder when b is divided by u?
1
Let u(h) = 13*h + 204. Calculate the remainder when 177 is divided by u(-8).
77
Let y = 16 - -52. Calculate the remainder when y is divided by 30/(-9) - (-16)/3.
0
Let b(j) = -29*j - 102. Let n be b(-6). Calculate the remainder when -3 + n + (-6)/(-6) is divided by 19.
13
Let d(t) be the second derivative of -2*t**3 + t**2/2 - 5*t. Suppose -5*c + 25 = 4*w + 12, 0 = -3*c + 15. Calculate the remainder when d(w) is divided by 13.
11
Let j be (756/24)/(2/4). Suppose 4*c - 3*c = j. Suppose c + 702 = 5*t. What is the remainder when t is divided by 39?
36
Suppose 17454 = q